 -n**3 + 10*n**2 - 16*n - 1. Calculate x(8).
-1
Let l(y) = 34*y + 104. Calculate l(-3).
2
Let d(z) = -42*z + 197. Give d(5).
-13
Let a(y) = y**3 - 5*y**2 - 5*y - 1. Determine a(6).
5
Let g(n) = -n**2 + 8*n - 9. Determine g(7).
-2
Let q(b) = -2*b**2 - 59*b + 593. Give q(8).
-7
Let i(o) = -o + 3. Give i(2).
1
Let g(q) = -25*q**3 - 2*q**2 - 2*q. What is g(-1)?
25
Let k(l) = -2*l**2 - 17*l + 12. Determine k(-12).
-72
Let o(a) = -a**3 + 4*a**2 + 4*a - 7. Calculate o(5).
-12
Let o(t) = -t**3 - 2*t**2 + 2*t + 3. Determine o(3).
-36
Let r(a) = -a + 19. Calculate r(10).
9
Let p(y) = 8*y - 134. What is p(16)?
-6
Let c(d) = 4*d + 4. Determine c(4).
20
Let b(k) = -k**3 - 7*k**2 - 5*k - 1. Determine b(-7).
34
Let p(o) = 2*o**2 + 3*o - 2. Give p(-6).
52
Let g(o) = 5*o - 40. What is g(6)?
-10
Let m(p) = -p**2 + 3*p + 13. Determine m(-2).
3
Let h(k) = 18*k - 31. Give h(-3).
-85
Let r(w) = -22*w + 410. Determine r(19).
-8
Let g(c) = -c - 4. Calculate g(-15).
11
Let f(j) = -j**2 - 16*j - 26. Calculate f(-12).
22
Let x(w) = w**3 + 5*w**2 + 4. What is x(-6)?
-32
Let x(f) = 6*f - 141. Calculate x(22).
-9
Let s(h) = h**3 - 10*h**2 - 14*h + 9. What is s(11)?
-24
Let q(c) = 2*c + 22. Determine q(7).
36
Let r(g) = 2*g - 24. Give r(18).
12
Let h(g) = -g**2 - 4*g + 16. Determine h(-6).
4
Let d(k) = -5*k**2 + 58*k + 35. Determine d(12).
11
Let b(w) = -5*w + 23. What is b(7)?
-12
Let t(v) = -v**2 + 2. What is t(9)?
-79
Let i(k) = k**3 - 14*k**2 + 27*k - 41. Determine i(12).
-5
Let z(y) = -31*y - 15. Determine z(3).
-108
Let k(z) = z**2 - 45. Determine k(0).
-45
Let x(h) = -h**2 + 9*h - 12. Give x(11).
-34
Let o(f) = 5*f - 25. Calculate o(18).
65
Let w(a) = -a**2 - 4*a + 8. Determine w(-6).
-4
Let n(f) = f**2 + 10*f + 28. Determine n(-3).
7
Let k(f) = 21*f + 78. What is k(-4)?
-6
Let d(u) = 24*u - 77. What is d(6)?
67
Let d(q) = 12*q + 29. Give d(-10).
-91
Let p(k) = -k**2 + k + 32. Give p(8).
-24
Let x(s) = -s**2 + 3*s + 17. Give x(5).
7
Let l(o) = -o**2 - 3. What is l(-4)?
-19
Let x(p) = p**3 + 17*p**2 - 4*p - 16. Give x(-17).
52
Let q(d) = -d**2 - 9*d + 13. Give q(-5).
33
Let l(w) = -7*w + 79. What is l(14)?
-19
Let b(l) = -l**2 - 10*l + 1. Calculate b(-11).
-10
Let f(t) = t**3 - 19*t**2 - 84*t + 1276. What is f(20)?
-4
Let p(r) = -9*r + 277. Give p(30).
7
Let m(l) = -l + 6. Give m(-2).
8
Let g(z) = z**3 + 29*z**2 + 28*z + 10. Determine g(-28).
10
Let s(o) = o**3 + 2*o**2 - 25*o + 37. What is s(-7)?
-33
Let f(c) = 10*c**3 - 2*c**2 - 2*c + 4. Give f(2).
72
Let v(p) = p**2 + 18*p + 59. Calculate v(-4).
3
Let v(r) = 16*r**2 + 4. Give v(-2).
68
Let o(q) = q - 4. What is o(-7)?
-11
Let m(n) = 4*n - 3. Give m(3).
9
Let y(f) = -6*f**2 + 87*f - 45. Determine y(14).
-3
Let f(z) = -2*z**3 - 5*z**2 - 3*z - 8. What is f(-4)?
52
Let u(r) = -r**3 - 13*r**2 - 11*r + 10. What is u(-12)?
-2
Let w(v) = -v**2 - 63*v - 1. What is w(-63)?
-1
Let d(k) = -k**3 - 5*k**2 + 5*k + 15. What is d(-6)?
21
Let f(s) = -2*s**3 - s. Determine f(2).
-18
Let u(r) = 43*r - 232. Calculate u(6).
26
Let g(l) = l**2 - 2*l - 3. What is g(-3)?
12
Let v(t) = -t**2 + 5*t + 1. Determine v(6).
-5
Let p(a) = -a**3 - 13*a**2 - 13*a - 8. Give p(-12).
4
Let r(q) = 20*q - 101. Calculate r(5).
-1
Let p(g) = g**2 - 2*g - 3. Calculate p(4).
5
Let n(d) = -4*d + 73. Calculate n(15).
13
Let d(v) = 2*v**2 + 2*v - 7. Calculate d(-7).
77
Let z(t) = 3*t**2 - 48*t - 58. Calculate z(17).
-7
Let g(a) = 4*a + 22. Determine g(-5).
2
Let j(a) = -2*a + 5. Calculate j(15).
-25
Let k(v) = v**2 - 7*v - 1. Calculate k(5).
-11
Let t(a) = a**3 - 5*a**2 + 2*a. Calculate t(1).
-2
Let k(j) = j**3 + 2*j**2 - 2*j - 5. Determine k(0).
-5
Let t(a) = -a - 18. Determine t(8).
-26
Let d(a) = 3*a**3 - 6*a + 1. Determine d(3).
64
Let m(h) = -h + 4. Calculate m(16).
-12
Let x(j) = -j**2 - 37*j - 131. Give x(-33).
1
Let t(w) = w**2 - 28*w - 127. Determine t(32).
1
Let j(m) = -m**3 - 5*m**2 + 3*m + 3. Give j(-5).
-12
Let g(k) = k**2 + 20*k + 24. What is g(-19)?
5
Let d(x) = 6*x + 32. Determine d(-16).
-64
Let a(n) = 7*n. What is a(-1)?
-7
Let v(j) = -j**2 + 21*j + 62. What is v(25)?
-38
Let q(b) = -b**3 + 2*b**2 + 2*b - 4. What is q(-2)?
8
Let t(r) = 10*r - 24. Calculate t(6).
36
Let a(u) = -u**2 + 12. Give a(-4).
-4
Let r(n) = n**3 - 4*n**2 - 3*n - 4. Give r(4).
-16
Let l(c) = c**3 + 10*c**2 + c - 9. Determine l(-10).
-19
Let b(j) = j**3 + 5*j**2 + 8*j + 8. What is b(-4)?
-8
Let k(x) = x**3 + 18*x**2 - 41*x - 35. Determine k(-20).
-15
Let x(s) = s**2 + 8*s + 17. Determine x(-3).
2
Let i(p) = p**2 + 3*p - 9. Give i(-5).
1
Let x(d) = -2*d**2 - 72*d + 77. What is x(-37)?
3
Let z(a) = -10*a - 294. Calculate z(-31).
16
Let d(b) = -5*b**2 - 61*b + 6. Give d(-13).
-46
Let y(c) = -c**3 + 11*c**2 - 12*c + 8. What is y(10)?
-12
Let k(f) = -10*f**3 - 1. What is k(1)?
-11
Let g(y) = 13*y - 31. What is g(3)?
8
Let o(s) = -s**3 - 14*s**2 + 13*s - 17. What is o(-15)?
13
Let j(k) = -2*k + 19. Calculate j(-8).
35
Let l(p) = p + 1. Give l(-4).
-3
Let b(n) = n**2 - 4*n - 8. Give b(5).
-3
Let z(h) = 5*h - 53. What is z(9)?
-8
Let k(l) = -4*l**2 - 3*l + 22. What is k(4)?
-54
Let a(y) = y**3 + 6*y**2 + 7*y - 17. Determine a(-7).
-115
Let j(c) = c**2 - 4*c - 12. Calculate j(5).
-7
Let h(l) = -l**3 + 9*l**2 - 7*l - 12. Calculate h(8).
-4
Let s(j) = -3*j - 28. What is s(-9)?
-1
Let d(a) = a**2 - 49*a - 182. Determine d(52).
-26
Let u(b) = -b**3 - 2*b - 9. Give u(0).
-9
Let p(y) = 2*y + 22. What is p(-7)?
8
Let v(a) = -a**3 - 10*a - 36. What is v(-5)?
139
Let i(v) = 3*v - 1. Give i(7).
20
Let g(j) = -5*j - 3. Calculate g(-5).
22
Let t(p) = 3*p - 55. Calculate t(17).
-4
Let i(q) = 3*q - 51. Calculate i(16).
-3
Let j(r) = -2*r + 8. What is j(10)?
-12
Let c(b) = -b**3 + 16*b**2 + 18*b - 21. What is c(17)?
-4
Let l(k) = -k**2 + 26*k - 126. Calculate l(8).
18
Let a(y) = y + 5. Calculate a(-13).
-8
Let b(o) = -o**2 - 9*o. Determine b(-9).
0
Let x(k) = -19*k. Give x(1).
-19
Let l(t) = t + 11. Determine l(-7).
4
Let g(w) = w**3 - 4*w**2 + 4. Determine g(4).
4
Let w(p) = -3*p**2 + 13*p + 15. Give w(5).
5
Let n(x) = -x + 6. Calculate n(12).
-6
Let b(p) = 5*p**3 + 2*p**2 - 2*p. Calculate b(1).
5
Let i(g) = -g**3 + 34*g**2 + 69*g + 100. Calculate i(36).
-8
Let x(m) = m**2 + 37*m + 172. Give x(-31).
-14
Let w(y) = y**3 + 9*y**2 - 11*y + 6. Give w(-10).
16
Let t(o) = -o**3 - o**2 - 2*o. Give t(-2).
8
Let t(u) = u**3 + 37*u**2 + 63*u - 243. Calculate t(-35).
2
Let y(k) = -k**3 + 2*k**2 + 8. What is y(4)?
-24
Let r(z) = -z**3 + 8*z**2 + z - 11. Determine r(8).
-3
Let n(i) = -i**3 - 10*i**2 - 15*i - 3. Determine n(-8).
-11
Let j(v) = 2*v**3 + 5*v**2 + 3*v - 2. What is j(-4)?
-62
Let n(p) = p**3 - 5*p**2 - p + 8. Calculate n(3).
-13
Let t(h) = 6*h**2 - h - 2. Calculate t(-1).
5
Let w(u) = -u**3 + u - 4. Give w(0).
-4
Let x(u) = u**2 + 20*u + 16. Give x(-18).
-20
Let z(o) = 2*o**2 + 30*o - 8. Determine z(-16).
24
Let z(o) = 5*o**2 + 2*o - 1. Determine z(-2).
15
Let l(a) = a**2 + 14*a - 29. Determine l(-8).
-77
Let m(z) = 20*z + 11. Determine m(0).
11
Let z(p) = 23*p**2 - 1. What is z(1)?
22
Let u(c) = -2*c**2 - 5*c + 21. Determine u(3).
-12
Let m(c) = 24*c**3 + c**2 + c - 1. Determine m(1).
25
Let i(x) = -x**3 + 7*x**2 - 2*x + 12. Calculate i(7).
-2
Let z(v) = -v**3 - 5*v**2 + 16*v + 13. Give z(-7).
-1
Let q(b) = -b**2 + 20. Determine q(4).
4
Let m(q) = -2*q**3 + 39*q**2 + 17*q + 42. Calculate m(20).
-18
Let x(b) = b**3 - 9*b**2 + b - 1. Give x(9).
8
Let d(g) = -g**3 + 2*g + 37. What is d(0)?
37
Let t(c) = 18*c**2 + 113*c + 25. Determine t(-6).
-5
Let l(m) = 21*m + 70. Calculate l(-5).
-35
Let i(f) = -3*f - 16. Determine i(-3).
-7
Let d(n) = -n**2 - 6*n - 3. What is d(-3)?
6
Let k(t) = t**3 - 34*t**2 + t - 34. Give k(34).
0
Let n(z) = 2*z**3 + 31*z**2 + 17*z + 15. Calculate n(-15).
-15
Let c(b) = -b**2 + b - 11. Calculate c(0).
-11
Let m(h) = -3*h**2 + 4*h + 141. Calculate m(-6).
9
Let q(x) = 40*x - 1. Calculate q(1).
39
Let f(u) = -3*u**2 + 28*u - 4. Calculate f(9).
5
Let j(c) = c**3 - 6*c**2 - c - 9. Determine j(6).
-15
Let t(p) = -p**3 - 19*p**2 - 17*p + 15. Give t(-18).
-3
Let y(i) = -i**3 - 23*i**2 - 20*i + 51. Determine y(-22).
7
Let z(u) = -u**2 - 6*u + 7. Calculate z(-6).
7
Let r(y) = y**3 - 5*y**2 - 37*y - 2. Determine r(9).
-11
Let x(o) = o - 29. Calculate x(15).
-14
Let q(y) = 4*y**2 -